the tens digit of 632?
3
What is the thousands digit of 7971?
7
What is the tens digit of 46?
4
What is the hundreds digit of 12131?
1
What is the tens digit of 24005?
0
What is the hundreds digit of 339?
3
What is the ten thousands digit of 22456?
2
What is the ten thousands digit of 66639?
6
What is the hundreds digit of 4655?
6
What is the hundreds digit of 2591?
5
What is the hundreds digit of 13012?
0
What is the tens digit of 26505?
0
What is the ten thousands digit of 86644?
8
What is the units digit of 45070?
0
What is the tens digit of 2836?
3
What is the units digit of 429?
9
What is the hundreds digit of 1422?
4
What is the hundreds digit of 14845?
8
What is the units digit of 1154?
4
What is the thousands digit of 3422?
3
What is the hundreds digit of 9194?
1
What is the tens digit of 8583?
8
What is the units digit of 10627?
7
What is the ten thousands digit of 97735?
9
What is the units digit of 1404?
4
What is the units digit of 365?
5
What is the tens digit of 2126?
2
What is the tens digit of 1228?
2
What is the hundreds digit of 7629?
6
What is the units digit of 1249?
9
What is the units digit of 781?
1
What is the tens digit of 5050?
5
What is the tens digit of 225?
2
What is the units digit of 474?
4
What is the thousands digit of 138834?
8
What is the tens digit of 5274?
7
What is the tens digit of 235?
3
What is the ten thousands digit of 41158?
4
What is the tens digit of 881?
8
What is the tens digit of 829?
2
What is the units digit of 15739?
9
What is the tens digit of 1467?
6
What is the ten thousands digit of 18836?
1
What is the hundreds digit of 2054?
0
What is the thousands digit of 7954?
7
What is the hundreds digit of 404?
4
What is the hundreds digit of 1335?
3
What is the thousands digit of 9711?
9
What is the tens digit of 4756?
5
What is the thousands digit of 1799?
1
What is the tens digit of 4489?
8
What is the tens digit of 5580?
8
What is the units digit of 4269?
9
What is the thousands digit of 2027?
2
What is the hundreds digit of 432?
4
What is the hundreds digit of 1981?
9
What is the tens digit of 853?
5
What is the ten thousands digit of 45182?
4
What is the ten thousands digit of 13342?
1
What is the tens digit of 349?
4
What is the hundreds digit of 1037?
0
What is the thousands digit of 1933?
1
What is the tens digit of 1372?
7
What is the units digit of 33?
3
What is the hundreds digit of 4259?
2
What is the hundreds digit of 82508?
5
What is the tens digit of 6971?
7
What is the thousands digit of 1969?
1
What is the hundreds digit of 39196?
1
What is the tens digit of 615?
1
What is the thousands digit of 61734?
1
What is the units digit of 5321?
1
What is the hundreds digit of 1762?
7
What is the tens digit of 1055?
5
What is the units digit of 10612?
2
What is the units digit of 6894?
4
What is the units digit of 3514?
4
What is the units digit of 3702?
2
What is the hundreds digit of 840?
8
What is the tens digit of 2475?
7
What is the hundreds digit of 994?
9
What is the tens digit of 598?
9
What is the ten thousands digit of 60041?
6
What is the thousands digit of 1760?
1
What is the tens digit of 28?
2
What is the tens digit of 5395?
9
What is the hundreds digit of 8297?
2
What is the units digit of 413?
3
What is the ten thousands digit of 12960?
1
What is the hundreds digit of 37536?
5
What is the thousands digit of 8361?
8
What is the tens digit of 1478?
7
What is the units digit of 7999?
9
What is the hundreds digit of 258?
2
What is the tens digit of 7760?
6
What is the hundreds digit of 9676?
6
What is the units digit of 2043?
3
What is the units digit of 11122?
2
What is the tens digit of 3870?
7
What is the ten thousands digit of 30388?
3
What is the units digit of 436?
6
What is the thousands digit of 6866?
6
What is the thousands digit of 115941?
5
What is the hundreds digit of 7377?
3
What is the tens digit of 725?
2
What is the hundreds digit of 1411?
4
What is the hundreds digit of 386?
3
What is the hundreds digit of 498?
4
What is the ten thousands digit of 45419?
4
What is the hundreds digit of 146793?
7
What is the hundreds digit of 9884?
8
What is the units digit of 1616?
6
What is the thousands digit of 15663?
5
What is the units digit of 71285?
5
What is the hundreds digit of 4490?
4
What is the hundreds digit of 1891?
8
What is the tens digit of 686?
8
What is the units digit of 13014?
4
What is the tens digit of 847?
4
What is the tens digit of 42692?
9
What is the tens digit of 456?
5
What is the hundreds digit of 5739?
7
What is the thousands digit of 1545?
1
What is the units digit of 136?
6
What is the hundreds digit of 25519?
5
What is the units digit of 760?
0
What is the hundreds digit of 8483?
4
What is the tens digit of 9084?
8
What is the hundreds digit of 786?
7
What is the tens digit of 1473?
7
What is the hundreds digit of 2622?
6
What is the units digit of 72663?
3
What is the thousands digit of 36237?
6
What is the tens digit of 4020?
2
What is the units digit of 849?
9
What is the thousands digit of 31915?
1
What is the thousands digit of 5695?
5
What is the ten thousands digit of 10044?
1
What is the units digit of 6649?
9
What is the units digit of 758?
8
What is the tens digit of 8419?
1
What is the units digit of 312?
2
What is the hundreds digit of 4538?
5
What is the thousands digit of 11658?
1
What is the units digit of 46619?
9
What is the ten thousands digit of 87073?
8
What is the hundreds digit of 7576?
5
What is the tens digit of 914?
1
What is the hundreds digit of 939?
9
What is the thousands digit of 11862?
1
What is the thousands digit of 40515?
0
What is the hundreds digit of 43330?
3
What is the ten thousands digit of 92492?
9
What is the hundreds digit of 6841?
8
What is the thousands digit of 1126?
1
What is the thousands digit of 23053?
3
What is the units digit of 9570?
0
What is the tens digit of 1222?
2
What is the ten thousands digit of 72582?
7
What is the tens digit of 530?
3
What is the ten thousands digit of 11194?
1
What is the hundreds digit of 976?
9
What is the hundreds digit of 1120?
1
What is the units digit of 455?
5
What is the thousands digit of 11568?
1
What is the units digit of 5007?
7
What is the units digit of 674?
4
What is the thousands digit of 4450?
4
What is the tens digit of 753?
5
What is the units digit of 13194?
4
What is the thousands digit of 57035?
7
What is the tens digit of 2292?
9
What is the units digit of 29107?
7
What is the hundreds digit of 1594?
5
What is the thousands digit of 3554?
3
What is the units digit of 2033?
3
What is the thousands digit of 49815?
9
What is the hundreds digit of 1012?
0
What is the tens digit of 22546?
4
What is the units digit of 14708?
8
What is the thousands digit of 1595?
1
What is the thousands digit of 1172?
1
What is the tens digit of 57060?
6
What is the units digit of 34390?
0
What is the units digit of 74211?
1
What is the thousands digit of 1452?
1
What is the ten thousands digit of 18680?
1
What is the tens digit of 34920?
2
What is the ten thousands digit of 78925?
7
What is the units digit of 21646?
6
What is the hundreds digit of 1475?
4
What is the tens digit of 49818?
1
What is the ten thousands digit of 15414?
1
What is the units digit of 534?
4
What is the tens digit of 4461?
6
What is the hundreds digit of 32083?
0
What is the hundreds digit of 36323?
3
What is the thousands digit of 1574?
1
What is the thousands digit of 19233?
9
What is the ten thousands digit of 27370?
2
What is the thousands digit of 1203?
1
What is the thousands digit of 93288?
3
What is the tens digit of 481?
8
What is the tens digit of 1249?
4
What is the ten thousands digit of 35271?
3
What is the units digit of 129133?
3
What is the tens digit of 932?
3
What is the thousands digit of 7169?
7
What is the tens digit of 6851?
5
What is the hundreds digit of 177846?
8
What is the thousands digit of 32994?
2
What is the tens digit of 433?
3
What is the thousands digit of 9371?
9
What is the units digit of 22140?
0
What is the thousands digit of 55275?
5
What is the hundreds digit of 2655?
6
What is the units digit of 4858?
8
What is the tens digit of 2694?
9
What is the hundreds digit of 7926?
9
What is the units digit of 5404?
4
What is the thousands digit of 12